{"id":474,"date":"2020-06-04T17:08:47","date_gmt":"2020-06-04T15:08:47","guid":{"rendered":"https:\/\/www.objectora.sk\/?page_id=474"},"modified":"2026-02-25T00:17:40","modified_gmt":"2026-02-24T23:17:40","slug":"filozofia-znacky","status":"publish","type":"page","link":"https:\/\/www.objectora.sk\/?page_id=474","title":{"rendered":"About"},"content":{"rendered":"\n<div style=\"height:95px\" aria-hidden=\"true\" class=\"wp-block-spacer\"><\/div>\n\n\n\n<h3>Objectora \u2013 Set Design, Rekvizity &amp; Objekty, Art Direction<\/h3>\n\n\n\n<p>Sme tvoriv\u00e1 dvojica s kore\u0148mi v sc\u00e9nografii, remeselnej tvorbe a vizu\u00e1lnom storytellingu. Sp\u00e1ja n\u00e1s cit pre detail, remeseln\u00e1 zru\u010dnos\u0165 a t\u00fa\u017eba vytv\u00e1ra\u0165 objekty, ktor\u00e9 maj\u00fa du\u0161u \u2013 \u010di u\u017e ide o rekvizity, set dizajn, produktov\u00fd dizajn alebo umeleck\u00e9 projekty.<\/p>\n\n\n\n<p>Na\u0161a spolupr\u00e1ca vznik\u00e1 na pomedz\u00ed discipl\u00edn \u2013 divadla, filmu, v\u00fdtvarn\u00e9ho umenia, remesla a dizajnu. Vyr\u00e1bame objekty na mieru, ktor\u00e9 sl\u00fa\u017eia pr\u00edbehu aj priestoru. Od realistick\u00fdch repl\u00edk a\u017e po v\u00fdtvarn\u00e9 \u0161tyliz\u00e1cie. Od modelov a patinovan\u00fdch rekviz\u00edt a\u017e po interi\u00e9rov\u00e9 objekty a \u0161perky.<\/p>\n\n\n\n<p><strong>Objectora \u2013 Set Design, Props &amp; Objects, Art Direction<\/strong><\/p>\n\n\n\n<p>We are a creative duo with roots in scenography, craft, and visual storytelling. We share a sensitivity to detail, skilled craftsmanship, and a passion for creating objects with soul\u2014whether it\u2019s props, set design, product design, or artistic projects.<\/p>\n\n\n\n<p>Our collaborations exist at the intersection of disciplines\u2014Theatre, film, visual arts, craft, and design. We produce bespoke objects that serve both story and space. From realistic replicas to artistic stylizations, from models and patinated props to interior objects and jewelry.<\/p>\n\n\n\n<p><strong>Contact us at: peterhalik@gmail.com<\/strong><\/p>\n\n\n\n<h2>Kto sme<\/h2>\n\n\n\n<p><strong>Who we are<\/strong><\/p>\n\n\n\n<div class=\"wp-block-columns\">\n<div class=\"wp-block-column\">\n<p><strong>Peter Hal\u00edk<\/strong><br>sc\u00e9nograf, rekvizit\u00e1r, technick\u00fd m\u00e1g<br>Vy\u0161tudoval sc\u00e9nografiu na V\u0160MU a v s\u00fa\u010dasnosti pracuje ako rekvizit\u00e1r a v\u00fdrobca rekviz\u00edt pre telev\u00edzny seri\u00e1l\u00a0<em>Dunaj, k va\u0161im slu\u017eb\u00e1m<\/em>, no m\u00e1 za sebou aj pr\u00e1cu na sete r\u00f4znych reklamn\u00fdch spotov a filmov. Je zru\u010dn\u00fd vo v\u00fdrobe realistick\u00fdch repl\u00edk, v\u00fdrobe makiet a miniat\u00far, ovl\u00e1da CNC fr\u00e9zu, modelovanie a neust\u00e1le experimentuje s nov\u00fdmi technol\u00f3giami a materi\u00e1lmi. Spolupracuje aj na projektoch Atelier Objectora ako technick\u00e1 opora v\u00fdroby. S ob\u013eubou o sebe tvrd\u00ed, \u017ee \u201cvie vyrobi\u0165 v\u0161etko \u2013 a niekedy aj v rekordnom \u010dase\u201d.<\/p>\n\n\n\n<p><strong>Peter Hal\u00edk<\/strong><br>Scenographer, prop maker, technical wizard<br>Peter studied scenography at V\u0160MU and currently works as a prop maker\/prop master on set for the TV series\u00a0<em>Dunaj, k va\u0161im slu\u017eb\u00e1m<\/em>, as well as on various commercial and movie sets. He is highly skilled in creating realistic replicas, CNC milling, sculpting, scenic finishing, model and miniature making, and constantly experiments with new technologies and materials. In Atelier Objectora projects, he serves as the technical backbone of production. As he likes to say:\u00a0<em>\u201cI can make anything\u2014and sometimes in record time<\/em>.&#8220;<\/p>\n\n\n\n<figure class=\"wp-block-image size-large\"><img loading=\"lazy\" width=\"1024\" height=\"683\" src=\"https:\/\/www.objectora.sk\/wp-content\/uploads\/2026\/02\/MG_1233__MG_1263.CR2_-1-1024x683.jpg\" alt=\"\" class=\"wp-image-1455\" srcset=\"https:\/\/www.objectora.sk\/wp-content\/uploads\/2026\/02\/MG_1233__MG_1263.CR2_-1-1024x683.jpg 1024w, https:\/\/www.objectora.sk\/wp-content\/uploads\/2026\/02\/MG_1233__MG_1263.CR2_-1-300x200.jpg 300w, https:\/\/www.objectora.sk\/wp-content\/uploads\/2026\/02\/MG_1233__MG_1263.CR2_-1-768x512.jpg 768w, https:\/\/www.objectora.sk\/wp-content\/uploads\/2026\/02\/MG_1233__MG_1263.CR2_-1-1536x1024.jpg 1536w, https:\/\/www.objectora.sk\/wp-content\/uploads\/2026\/02\/MG_1233__MG_1263.CR2_-1.jpg 1920w\" sizes=\"(max-width: 1024px) 100vw, 1024px\" \/><\/figure>\n<\/div>\n\n\n\n<div class=\"wp-block-column\">\n<p><strong>Mya Javorkov\u00e1<\/strong><br>dizajn\u00e9rka, autorka objektov a \u0161perkov.<br>Vy\u0161tudovala divadeln\u00fa sc\u00e9nografiu na V\u0160MU, av\u0161ak aktu\u00e1lne sa venuje hlavne tvorbe autorsk\u00fdch \u0161perkov, interi\u00e9rov\u00fdch objektov na svojom hlavnom projekte <a href=\"http:\/\/www.atelierobjectora.sk\" target=\"_blank\" rel=\"noreferrer noopener\">Atelier Objectora<\/a>. V jej pr\u00edstupe je c\u00edti\u0165 fascin\u00e1ciu nedokonalos\u0165ou, stopami \u010dasu a pr\u00edbehmi. V spolo\u010dn\u00fdch projektoch sa podie\u013ea najm\u00e4 na n\u00e1vrhoch a v\u00fdtvarnom koncepte, ale aj na v\u00fdrobe a hlavne patin\u00e1cii.<\/p>\n\n\n\n<p><strong>Mya Javorkov\u00e1<\/strong><br>Designer, creator of objects and jewelry. Mya studied theatre scenography at V\u0160MU, but now focuses mainly on creating original jewelry and interior objects through her main project, Atelier Objectora. Her approach is marked by a fascination with imperfection, traces of time, and storytelling. In joint projects with Peter, Mya works primarily on design and artistic concepts as well as fabrication and scenic finishing.<\/p>\n\n\n\n<figure class=\"wp-block-image size-large\"><img loading=\"lazy\" width=\"1024\" height=\"576\" src=\"https:\/\/www.objectora.sk\/wp-content\/uploads\/2026\/02\/atelierobjectora_titulka-1024x576.jpeg\" alt=\"\" class=\"wp-image-1456\" srcset=\"https:\/\/www.objectora.sk\/wp-content\/uploads\/2026\/02\/atelierobjectora_titulka-1024x576.jpeg 1024w, https:\/\/www.objectora.sk\/wp-content\/uploads\/2026\/02\/atelierobjectora_titulka-300x169.jpeg 300w, https:\/\/www.objectora.sk\/wp-content\/uploads\/2026\/02\/atelierobjectora_titulka-768x432.jpeg 768w, https:\/\/www.objectora.sk\/wp-content\/uploads\/2026\/02\/atelierobjectora_titulka-1536x864.jpeg 1536w, https:\/\/www.objectora.sk\/wp-content\/uploads\/2026\/02\/atelierobjectora_titulka.jpeg 1920w\" sizes=\"(max-width: 1024px) 100vw, 1024px\" \/><\/figure>\n<\/div>\n<\/div>\n\n\n\n<div style=\"height:165px\" aria-hidden=\"true\" class=\"wp-block-spacer\"><\/div>\n\n\n\n<div style=\"height:100px\" aria-hidden=\"true\" class=\"wp-block-spacer\"><\/div>\n\n\n\n<hr class=\"wp-block-separator\"\/>\n\n\n\n<div style=\"height:206px\" aria-hidden=\"true\" class=\"wp-block-spacer\"><\/div>\n","protected":false},"excerpt":{"rendered":"<p>Objectora \u2013 Set Design, Rekvizity &amp; Objekty, Art Direction Sme tvoriv\u00e1 dvojica s kore\u0148mi v sc\u00e9nografii, remeselnej tvorbe a vizu\u00e1lnom storytellingu. Sp\u00e1ja n\u00e1s cit pre detail, remeseln\u00e1 zru\u010dnos\u0165 a t\u00fa\u017eba vytv\u00e1ra\u0165 objekty, ktor\u00e9 maj\u00fa du\u0161u \u2013 \u010di u\u017e ide o rekvizity, set dizajn, produktov\u00fd dizajn alebo umeleck\u00e9 projekty. Na\u0161a spolupr\u00e1ca vznik\u00e1 na pomedz\u00ed discipl\u00edn \u2013 &#8230; <a title=\"About\" class=\"read-more\" href=\"https:\/\/www.objectora.sk\/?page_id=474\">Read more<span class=\"screen-reader-text\">About<\/span><\/a><\/p>\n","protected":false},"author":1,"featured_media":0,"parent":0,"menu_order":0,"comment_status":"closed","ping_status":"closed","template":"","meta":{"_monsterinsights_skip_tracking":false,"_monsterinsights_sitenote_active":false,"_monsterinsights_sitenote_note":"","_monsterinsights_sitenote_category":0},"yoast_head":"<!-- This site is optimized with the Yoast SEO plugin v16.1.1 - https:\/\/yoast.com\/wordpress\/plugins\/seo\/ -->\n<title>About &bull; Objectora Set Design &amp; Objects<\/title>\n<link rel=\"canonical\" href=\"https:\/\/www.objectora.sk\/?page_id=474\" \/>\n<meta property=\"og:locale\" content=\"sk_SK\" \/>\n<meta property=\"og:type\" content=\"article\" \/>\n<meta property=\"og:title\" content=\"About &bull; Objectora Set Design &amp; Objects\" \/>\n<meta property=\"og:description\" content=\"Objectora \u2013 Set Design, Rekvizity &amp; Objekty, Art Direction Sme tvoriv\u00e1 dvojica s kore\u0148mi v sc\u00e9nografii, remeselnej tvorbe a vizu\u00e1lnom storytellingu. Sp\u00e1ja n\u00e1s cit pre detail, remeseln\u00e1 zru\u010dnos\u0165 a t\u00fa\u017eba vytv\u00e1ra\u0165 objekty, ktor\u00e9 maj\u00fa du\u0161u \u2013 \u010di u\u017e ide o rekvizity, set dizajn, produktov\u00fd dizajn alebo umeleck\u00e9 projekty. Na\u0161a spolupr\u00e1ca vznik\u00e1 na pomedz\u00ed discipl\u00edn \u2013 ... Read moreAbout\" \/>\n<meta property=\"og:url\" content=\"https:\/\/www.objectora.sk\/?page_id=474\" \/>\n<meta property=\"og:site_name\" content=\"Objectora Set Design &amp; Objects\" \/>\n<meta property=\"article:publisher\" content=\"https:\/\/www.facebook.com\/atelierobjectora\/\" \/>\n<meta property=\"article:modified_time\" content=\"2026-02-24T23:17:40+00:00\" \/>\n<meta property=\"og:image\" content=\"https:\/\/www.objectora.sk\/wp-content\/uploads\/2026\/02\/MG_1233__MG_1263.CR2_-1-1024x683.jpg\" \/>\n<meta name=\"twitter:card\" content=\"summary_large_image\" \/>\n<meta name=\"twitter:label1\" content=\"Predpokladan\u00fd \u010das \u010d\u00edtania\">\n\t<meta name=\"twitter:data1\" content=\"3 min\u00faty\">\n<script type=\"application\/ld+json\" class=\"yoast-schema-graph\">{\"@context\":\"https:\/\/schema.org\",\"@graph\":[{\"@type\":\"Organization\",\"@id\":\"https:\/\/www.objectora.sk\/#organization\",\"name\":\"atelier objectora\",\"url\":\"https:\/\/www.objectora.sk\/\",\"sameAs\":[\"https:\/\/www.facebook.com\/atelierobjectora\/\",\"https:\/\/www.instagram.com\/atelierobjectora\/\"],\"logo\":{\"@type\":\"ImageObject\",\"@id\":\"https:\/\/www.objectora.sk\/#logo\",\"inLanguage\":\"sk-SK\",\"url\":\"https:\/\/www.objectora.sk\/wp-content\/uploads\/2019\/11\/objectora-logo-e1576514487553.png\",\"contentUrl\":\"https:\/\/www.objectora.sk\/wp-content\/uploads\/2019\/11\/objectora-logo-e1576514487553.png\",\"width\":1280,\"height\":905,\"caption\":\"atelier objectora\"},\"image\":{\"@id\":\"https:\/\/www.objectora.sk\/#logo\"}},{\"@type\":\"WebSite\",\"@id\":\"https:\/\/www.objectora.sk\/#website\",\"url\":\"https:\/\/www.objectora.sk\/\",\"name\":\"Atelier Objectora\",\"description\":\"A portfolio of handcrafted set design, props &amp; visual storytelling.\",\"publisher\":{\"@id\":\"https:\/\/www.objectora.sk\/#organization\"},\"potentialAction\":[{\"@type\":\"SearchAction\",\"target\":\"https:\/\/www.objectora.sk\/?s={search_term_string}\",\"query-input\":\"required name=search_term_string\"}],\"inLanguage\":\"sk-SK\"},{\"@type\":\"ImageObject\",\"@id\":\"https:\/\/www.objectora.sk\/?page_id=474#primaryimage\",\"inLanguage\":\"sk-SK\",\"url\":\"https:\/\/www.objectora.sk\/wp-content\/uploads\/2026\/02\/MG_1233__MG_1263.CR2_-1.jpg\",\"contentUrl\":\"https:\/\/www.objectora.sk\/wp-content\/uploads\/2026\/02\/MG_1233__MG_1263.CR2_-1.jpg\",\"width\":1920,\"height\":1280},{\"@type\":\"WebPage\",\"@id\":\"https:\/\/www.objectora.sk\/?page_id=474#webpage\",\"url\":\"https:\/\/www.objectora.sk\/?page_id=474\",\"name\":\"About &bull; Objectora Set Design &amp; Objects\",\"isPartOf\":{\"@id\":\"https:\/\/www.objectora.sk\/#website\"},\"primaryImageOfPage\":{\"@id\":\"https:\/\/www.objectora.sk\/?page_id=474#primaryimage\"},\"datePublished\":\"2020-06-04T15:08:47+00:00\",\"dateModified\":\"2026-02-24T23:17:40+00:00\",\"breadcrumb\":{\"@id\":\"https:\/\/www.objectora.sk\/?page_id=474#breadcrumb\"},\"inLanguage\":\"sk-SK\",\"potentialAction\":[{\"@type\":\"ReadAction\",\"target\":[\"https:\/\/www.objectora.sk\/?page_id=474\"]}]},{\"@type\":\"BreadcrumbList\",\"@id\":\"https:\/\/www.objectora.sk\/?page_id=474#breadcrumb\",\"itemListElement\":[{\"@type\":\"ListItem\",\"position\":1,\"item\":{\"@type\":\"WebPage\",\"@id\":\"https:\/\/www.objectora.sk\/\",\"url\":\"https:\/\/www.objectora.sk\/\",\"name\":\"Home\"}},{\"@type\":\"ListItem\",\"position\":2,\"item\":{\"@type\":\"WebPage\",\"@id\":\"https:\/\/www.objectora.sk\/?page_id=474\",\"url\":\"https:\/\/www.objectora.sk\/?page_id=474\",\"name\":\"About\"}}]}]}<\/script>\n<!-- \/ Yoast SEO plugin. -->","_links":{"self":[{"href":"https:\/\/www.objectora.sk\/index.php?rest_route=\/wp\/v2\/pages\/474"}],"collection":[{"href":"https:\/\/www.objectora.sk\/index.php?rest_route=\/wp\/v2\/pages"}],"about":[{"href":"https:\/\/www.objectora.sk\/index.php?rest_route=\/wp\/v2\/types\/page"}],"author":[{"embeddable":true,"href":"https:\/\/www.objectora.sk\/index.php?rest_route=\/wp\/v2\/users\/1"}],"replies":[{"embeddable":true,"href":"https:\/\/www.objectora.sk\/index.php?rest_route=%2Fwp%2Fv2%2Fcomments&post=474"}],"version-history":[{"count":5,"href":"https:\/\/www.objectora.sk\/index.php?rest_route=\/wp\/v2\/pages\/474\/revisions"}],"predecessor-version":[{"id":1461,"href":"https:\/\/www.objectora.sk\/index.php?rest_route=\/wp\/v2\/pages\/474\/revisions\/1461"}],"wp:attachment":[{"href":"https:\/\/www.objectora.sk\/index.php?rest_route=%2Fwp%2Fv2%2Fmedia&parent=474"}],"curies":[{"name":"wp","href":"https:\/\/api.w.org\/{rel}","templated":true}]}}