{"id":898,"date":"2021-04-07T19:49:06","date_gmt":"2021-04-07T17:49:06","guid":{"rendered":"https:\/\/www.objectora.sk\/?page_id=898"},"modified":"2021-04-14T13:27:18","modified_gmt":"2021-04-14T11:27:18","slug":"making-of-torso-2","status":"publish","type":"page","link":"https:\/\/www.objectora.sk\/?page_id=898","title":{"rendered":"making of torso. 3"},"content":{"rendered":"\n<p>Part 3. Proces <\/p>\n\n\n\n<p>Projekt <strong><em>torso.<\/em><\/strong> Myi Javorkovej, je autorskou kolekciou solit\u00e9rnych \u00fa\u017eitkov\u00fdch predmetov z dreva v kombin\u00e1cii s kovom a keramikou, ktor\u00e9 s\u00fa nosite\u013emi osobn\u00fdch pr\u00edbehov desiatich re\u00e1lnych \u017eien. V ka\u017edom z t\u00fdchto objektov, sa sp\u00e1ja my\u0161lienka ne\u00faplnej sochy a nedokon\u010den\u00e9ho pr\u00edbehu. Objekt je v\u017edy je venovan\u00fd jednej osobe, \u017eene. Je jej portr\u00e9tom, spove\u010fou, \u010di nosite\u013eom jej pr\u00edbehu. <\/p>\n\n\n\n<p>Proces v\u00fdroby objektov vo fotk\u00e1ch<\/p>\n\n\n\n<figure class=\"wp-block-video\"><video autoplay loop muted src=\"https:\/\/www.objectora.sk\/wp-content\/uploads\/2021\/04\/torso.-stories.mp4\"><\/video><\/figure>\n\n\n\n<figure class=\"wp-block-gallery columns-1 is-cropped\"><ul class=\"blocks-gallery-grid\"><li class=\"blocks-gallery-item\"><figure><img loading=\"lazy\" width=\"1024\" height=\"724\" src=\"https:\/\/www.objectora.sk\/wp-content\/uploads\/2021\/04\/12-1024x724.jpg\" alt=\"\" data-id=\"899\" data-link=\"https:\/\/www.objectora.sk\/?attachment_id=899#main\" class=\"wp-image-899\" srcset=\"https:\/\/www.objectora.sk\/wp-content\/uploads\/2021\/04\/12-1024x724.jpg 1024w, https:\/\/www.objectora.sk\/wp-content\/uploads\/2021\/04\/12-300x212.jpg 300w, https:\/\/www.objectora.sk\/wp-content\/uploads\/2021\/04\/12-768x543.jpg 768w, https:\/\/www.objectora.sk\/wp-content\/uploads\/2021\/04\/12-1536x1086.jpg 1536w, https:\/\/www.objectora.sk\/wp-content\/uploads\/2021\/04\/12.jpg 2000w\" sizes=\"(max-width: 1024px) 100vw, 1024px\" \/><\/figure><\/li><li class=\"blocks-gallery-item\"><figure><img loading=\"lazy\" width=\"1024\" height=\"724\" src=\"https:\/\/www.objectora.sk\/wp-content\/uploads\/2021\/04\/14-1024x724.jpg\" alt=\"\" data-id=\"901\" data-link=\"https:\/\/www.objectora.sk\/?attachment_id=901#main\" class=\"wp-image-901\" srcset=\"https:\/\/www.objectora.sk\/wp-content\/uploads\/2021\/04\/14-1024x724.jpg 1024w, https:\/\/www.objectora.sk\/wp-content\/uploads\/2021\/04\/14-300x212.jpg 300w, https:\/\/www.objectora.sk\/wp-content\/uploads\/2021\/04\/14-768x543.jpg 768w, https:\/\/www.objectora.sk\/wp-content\/uploads\/2021\/04\/14-1536x1086.jpg 1536w, https:\/\/www.objectora.sk\/wp-content\/uploads\/2021\/04\/14.jpg 2000w\" sizes=\"(max-width: 1024px) 100vw, 1024px\" \/><\/figure><\/li><li class=\"blocks-gallery-item\"><figure><img loading=\"lazy\" width=\"1024\" height=\"724\" src=\"https:\/\/www.objectora.sk\/wp-content\/uploads\/2021\/04\/15-1024x724.jpg\" alt=\"\" data-id=\"902\" data-link=\"https:\/\/www.objectora.sk\/?attachment_id=902#main\" class=\"wp-image-902\" srcset=\"https:\/\/www.objectora.sk\/wp-content\/uploads\/2021\/04\/15-1024x724.jpg 1024w, https:\/\/www.objectora.sk\/wp-content\/uploads\/2021\/04\/15-300x212.jpg 300w, https:\/\/www.objectora.sk\/wp-content\/uploads\/2021\/04\/15-768x543.jpg 768w, https:\/\/www.objectora.sk\/wp-content\/uploads\/2021\/04\/15-1536x1086.jpg 1536w, https:\/\/www.objectora.sk\/wp-content\/uploads\/2021\/04\/15.jpg 2000w\" sizes=\"(max-width: 1024px) 100vw, 1024px\" \/><\/figure><\/li><li class=\"blocks-gallery-item\"><figure><img loading=\"lazy\" width=\"1024\" height=\"724\" src=\"https:\/\/www.objectora.sk\/wp-content\/uploads\/2021\/04\/16-1024x724.jpg\" alt=\"\" data-id=\"924\" data-full-url=\"https:\/\/www.objectora.sk\/wp-content\/uploads\/2021\/04\/16.jpg\" data-link=\"https:\/\/www.objectora.sk\/?attachment_id=924#main\" class=\"wp-image-924\" srcset=\"https:\/\/www.objectora.sk\/wp-content\/uploads\/2021\/04\/16-1024x724.jpg 1024w, https:\/\/www.objectora.sk\/wp-content\/uploads\/2021\/04\/16-300x212.jpg 300w, https:\/\/www.objectora.sk\/wp-content\/uploads\/2021\/04\/16-768x543.jpg 768w, https:\/\/www.objectora.sk\/wp-content\/uploads\/2021\/04\/16-1536x1086.jpg 1536w, https:\/\/www.objectora.sk\/wp-content\/uploads\/2021\/04\/16.jpg 2000w\" sizes=\"(max-width: 1024px) 100vw, 1024px\" \/><\/figure><\/li><li class=\"blocks-gallery-item\"><figure><img loading=\"lazy\" width=\"1024\" height=\"724\" src=\"https:\/\/www.objectora.sk\/wp-content\/uploads\/2021\/04\/17-1024x724.jpg\" alt=\"\" data-id=\"925\" data-full-url=\"https:\/\/www.objectora.sk\/wp-content\/uploads\/2021\/04\/17.jpg\" data-link=\"https:\/\/www.objectora.sk\/?attachment_id=925#main\" class=\"wp-image-925\" srcset=\"https:\/\/www.objectora.sk\/wp-content\/uploads\/2021\/04\/17-1024x724.jpg 1024w, https:\/\/www.objectora.sk\/wp-content\/uploads\/2021\/04\/17-300x212.jpg 300w, https:\/\/www.objectora.sk\/wp-content\/uploads\/2021\/04\/17-768x543.jpg 768w, https:\/\/www.objectora.sk\/wp-content\/uploads\/2021\/04\/17-1536x1086.jpg 1536w, https:\/\/www.objectora.sk\/wp-content\/uploads\/2021\/04\/17.jpg 2000w\" sizes=\"(max-width: 1024px) 100vw, 1024px\" \/><\/figure><\/li><\/ul><\/figure>\n\n\n\n<figure class=\"wp-block-image size-large\"><img loading=\"lazy\" width=\"1024\" height=\"724\" src=\"https:\/\/www.objectora.sk\/wp-content\/uploads\/2021\/04\/13-1-1024x724.jpg\" alt=\"\" class=\"wp-image-922\" srcset=\"https:\/\/www.objectora.sk\/wp-content\/uploads\/2021\/04\/13-1-1024x724.jpg 1024w, https:\/\/www.objectora.sk\/wp-content\/uploads\/2021\/04\/13-1-300x212.jpg 300w, https:\/\/www.objectora.sk\/wp-content\/uploads\/2021\/04\/13-1-768x543.jpg 768w, https:\/\/www.objectora.sk\/wp-content\/uploads\/2021\/04\/13-1-1536x1086.jpg 1536w, https:\/\/www.objectora.sk\/wp-content\/uploads\/2021\/04\/13-1.jpg 2000w\" sizes=\"(max-width: 1024px) 100vw, 1024px\" \/><\/figure>\n\n\n\n<p>Projekt formou \u0161tipendia podporil z verejn\u00fdch zdrojov formou \u0161tipendia<strong> <a href=\"https:\/\/www.fpu.sk\/sk\/\">Fond na podporu umenia<\/a><\/strong><\/p>\n","protected":false},"excerpt":{"rendered":"<p>Part 3. Proces Projekt torso. Myi Javorkovej, je autorskou kolekciou solit\u00e9rnych \u00fa\u017eitkov\u00fdch predmetov z dreva v kombin\u00e1cii s kovom a keramikou, ktor\u00e9 s\u00fa nosite\u013emi osobn\u00fdch pr\u00edbehov desiatich re\u00e1lnych \u017eien. V ka\u017edom z t\u00fdchto objektov, sa sp\u00e1ja my\u0161lienka ne\u00faplnej sochy a nedokon\u010den\u00e9ho pr\u00edbehu. Objekt je v\u017edy je venovan\u00fd jednej osobe, \u017eene. Je jej portr\u00e9tom, spove\u010fou, \u010di &#8230; <a title=\"making of torso. 3\" class=\"read-more\" href=\"https:\/\/www.objectora.sk\/?page_id=898\">Read more<span class=\"screen-reader-text\">making of torso. 3<\/span><\/a><\/p>\n","protected":false},"author":1,"featured_media":0,"parent":0,"menu_order":0,"comment_status":"closed","ping_status":"closed","template":"","meta":{"_monsterinsights_skip_tracking":false,"_monsterinsights_sitenote_active":false,"_monsterinsights_sitenote_note":"","_monsterinsights_sitenote_category":0},"yoast_head":"<!-- This site is optimized with the Yoast SEO plugin v16.1.1 - https:\/\/yoast.com\/wordpress\/plugins\/seo\/ -->\n<title>making of torso. 3 &bull; Objectora Set Design &amp; Objects<\/title>\n<link rel=\"canonical\" href=\"https:\/\/www.objectora.sk\/?page_id=898\" \/>\n<meta property=\"og:locale\" content=\"sk_SK\" \/>\n<meta property=\"og:type\" content=\"article\" \/>\n<meta property=\"og:title\" content=\"making of torso. 3 &bull; Objectora Set Design &amp; Objects\" \/>\n<meta property=\"og:description\" content=\"Part 3. Proces Projekt torso. Myi Javorkovej, je autorskou kolekciou solit\u00e9rnych \u00fa\u017eitkov\u00fdch predmetov z dreva v kombin\u00e1cii s kovom a keramikou, ktor\u00e9 s\u00fa nosite\u013emi osobn\u00fdch pr\u00edbehov desiatich re\u00e1lnych \u017eien. V ka\u017edom z t\u00fdchto objektov, sa sp\u00e1ja my\u0161lienka ne\u00faplnej sochy a nedokon\u010den\u00e9ho pr\u00edbehu. Objekt je v\u017edy je venovan\u00fd jednej osobe, \u017eene. Je jej portr\u00e9tom, spove\u010fou, \u010di ... Read moremaking of torso. 3\" \/>\n<meta property=\"og:url\" content=\"https:\/\/www.objectora.sk\/?page_id=898\" \/>\n<meta property=\"og:site_name\" content=\"Objectora Set Design &amp; Objects\" \/>\n<meta property=\"article:publisher\" content=\"https:\/\/www.facebook.com\/atelierobjectora\/\" \/>\n<meta property=\"article:modified_time\" content=\"2021-04-14T11:27:18+00:00\" \/>\n<meta property=\"og:image\" content=\"https:\/\/www.objectora.sk\/wp-content\/uploads\/2021\/04\/12-1024x724.jpg\" \/>\n<meta name=\"twitter:card\" content=\"summary_large_image\" \/>\n<script type=\"application\/ld+json\" class=\"yoast-schema-graph\">{\"@context\":\"https:\/\/schema.org\",\"@graph\":[{\"@type\":\"Organization\",\"@id\":\"https:\/\/www.objectora.sk\/#organization\",\"name\":\"atelier objectora\",\"url\":\"https:\/\/www.objectora.sk\/\",\"sameAs\":[\"https:\/\/www.facebook.com\/atelierobjectora\/\",\"https:\/\/www.instagram.com\/atelierobjectora\/\"],\"logo\":{\"@type\":\"ImageObject\",\"@id\":\"https:\/\/www.objectora.sk\/#logo\",\"inLanguage\":\"sk-SK\",\"url\":\"https:\/\/www.objectora.sk\/wp-content\/uploads\/2019\/11\/objectora-logo-e1576514487553.png\",\"contentUrl\":\"https:\/\/www.objectora.sk\/wp-content\/uploads\/2019\/11\/objectora-logo-e1576514487553.png\",\"width\":1280,\"height\":905,\"caption\":\"atelier objectora\"},\"image\":{\"@id\":\"https:\/\/www.objectora.sk\/#logo\"}},{\"@type\":\"WebSite\",\"@id\":\"https:\/\/www.objectora.sk\/#website\",\"url\":\"https:\/\/www.objectora.sk\/\",\"name\":\"Atelier Objectora\",\"description\":\"A portfolio of handcrafted set design, props &amp; visual storytelling.\",\"publisher\":{\"@id\":\"https:\/\/www.objectora.sk\/#organization\"},\"potentialAction\":[{\"@type\":\"SearchAction\",\"target\":\"https:\/\/www.objectora.sk\/?s={search_term_string}\",\"query-input\":\"required name=search_term_string\"}],\"inLanguage\":\"sk-SK\"},{\"@type\":\"ImageObject\",\"@id\":\"https:\/\/www.objectora.sk\/?page_id=898#primaryimage\",\"inLanguage\":\"sk-SK\",\"url\":\"https:\/\/www.objectora.sk\/wp-content\/uploads\/2021\/04\/12.jpg\",\"contentUrl\":\"https:\/\/www.objectora.sk\/wp-content\/uploads\/2021\/04\/12.jpg\",\"width\":2000,\"height\":1414},{\"@type\":\"WebPage\",\"@id\":\"https:\/\/www.objectora.sk\/?page_id=898#webpage\",\"url\":\"https:\/\/www.objectora.sk\/?page_id=898\",\"name\":\"making of torso. 3 &bull; Objectora Set Design &amp; Objects\",\"isPartOf\":{\"@id\":\"https:\/\/www.objectora.sk\/#website\"},\"primaryImageOfPage\":{\"@id\":\"https:\/\/www.objectora.sk\/?page_id=898#primaryimage\"},\"datePublished\":\"2021-04-07T17:49:06+00:00\",\"dateModified\":\"2021-04-14T11:27:18+00:00\",\"breadcrumb\":{\"@id\":\"https:\/\/www.objectora.sk\/?page_id=898#breadcrumb\"},\"inLanguage\":\"sk-SK\",\"potentialAction\":[{\"@type\":\"ReadAction\",\"target\":[\"https:\/\/www.objectora.sk\/?page_id=898\"]}]},{\"@type\":\"BreadcrumbList\",\"@id\":\"https:\/\/www.objectora.sk\/?page_id=898#breadcrumb\",\"itemListElement\":[{\"@type\":\"ListItem\",\"position\":1,\"item\":{\"@type\":\"WebPage\",\"@id\":\"https:\/\/www.objectora.sk\/\",\"url\":\"https:\/\/www.objectora.sk\/\",\"name\":\"Home\"}},{\"@type\":\"ListItem\",\"position\":2,\"item\":{\"@type\":\"WebPage\",\"@id\":\"https:\/\/www.objectora.sk\/?page_id=898\",\"url\":\"https:\/\/www.objectora.sk\/?page_id=898\",\"name\":\"making of torso. 3\"}}]}]}<\/script>\n<!-- \/ Yoast SEO plugin. -->","_links":{"self":[{"href":"https:\/\/www.objectora.sk\/index.php?rest_route=\/wp\/v2\/pages\/898"}],"collection":[{"href":"https:\/\/www.objectora.sk\/index.php?rest_route=\/wp\/v2\/pages"}],"about":[{"href":"https:\/\/www.objectora.sk\/index.php?rest_route=\/wp\/v2\/types\/page"}],"author":[{"embeddable":true,"href":"https:\/\/www.objectora.sk\/index.php?rest_route=\/wp\/v2\/users\/1"}],"replies":[{"embeddable":true,"href":"https:\/\/www.objectora.sk\/index.php?rest_route=%2Fwp%2Fv2%2Fcomments&post=898"}],"version-history":[{"count":4,"href":"https:\/\/www.objectora.sk\/index.php?rest_route=\/wp\/v2\/pages\/898\/revisions"}],"predecessor-version":[{"id":948,"href":"https:\/\/www.objectora.sk\/index.php?rest_route=\/wp\/v2\/pages\/898\/revisions\/948"}],"wp:attachment":[{"href":"https:\/\/www.objectora.sk\/index.php?rest_route=%2Fwp%2Fv2%2Fmedia&parent=898"}],"curies":[{"name":"wp","href":"https:\/\/api.w.org\/{rel}","templated":true}]}}